4
Let i(u) = -3*u + 107. What is i(30)?
17
Let r(x) = -x**3 + 4*x**2 - x - 2. What is r(4)?
-6
Let d(c) = c**3 - c**2 - c + 19. What is d(0)?
19
Let y(o) = -19*o - 4. Give y(-2).
34
Let w(p) = p**2 - 11*p - 132. What is w(-7)?
-6
Let b(m) = -12*m + 4. Calculate b(-1).
16
Let l(q) = 15*q - 1. Give l(1).
14
Let k(q) = 2*q**2 - 15*q + 7. Determine k(7).
0
Let o(f) = 7*f + 23. What is o(-3)?
2
Let l(k) = 15*k - 5. Give l(-3).
-50
Let h(y) = -3*y**2 - 16*y - 24. What is h(-4)?
-8
Let z(q) = -q**3 - q**2 + 3*q + 1. Determine z(-3).
10
Let f(x) = x**3 + x**2 - 2*x + 7. What is f(-4)?
-33
Let f(k) = -k**2 + k + 374. Give f(20).
-6
Let v(w) = -w**2 + 39*w - 290. Calculate v(30).
-20
Let d(z) = 24*z + 413. Calculate d(-17).
5
Let j(c) = -c**3 - 9*c**2 + 22*c + 9. What is j(-11)?
9
Let z(b) = b + 16. Calculate z(-17).
-1
Let u(r) = 3*r + 70. Calculate u(19).
127
Let j(c) = 4*c - 5. Determine j(-4).
-21
Let b(m) = -m**3 - 9*m**2 - 8*m. Give b(-8).
0
Let o(g) = g**2 - 6*g + 3. Calculate o(-4).
43
Let w(m) = -m**2 - 8*m - 9. Calculate w(-9).
-18
Let k(q) = q + 17. What is k(-8)?
9
Let w(l) = -2*l**3 - 25*l**2 + 12*l - 17. What is w(-13)?
-4
Let k(l) = 187*l - 1867. Calculate k(10).
3
Let j(f) = f + 11. Calculate j(-6).
5
Let u(l) = -27*l - 9. What is u(-2)?
45
Let u(z) = -z**3 - 6*z**2 - 7*z + 7. Calculate u(-5).
17
Let t(b) = -2*b - 22. Give t(-6).
-10
Let o(j) = -j**2 - 10*j + 4. Calculate o(-7).
25
Let d(n) = n**3 + 10*n**2 + 7*n + 7. Determine d(-9).
25
Let n(v) = -v**3 + 12*v - 28. Determine n(3).
-19
Let b(m) = 2*m**2 + 5*m + 5. Calculate b(-3).
8
Let r(g) = -35*g**2 - g + 1. What is r(-1)?
-33
Let l(f) = -2*f**3 - f + 1. Calculate l(1).
-2
Let z(p) = -19*p - 518. Determine z(-27).
-5
Let v(f) = 3*f + 14. Determine v(-11).
-19
Let f(n) = -n**2 - 16*n - 9. Calculate f(-15).
6
Let o(q) = q**3 - 5*q + 6. Calculate o(2).
4
Let v(y) = -4*y - 20. Determine v(-7).
8
Let h(n) = n**2 - 6*n - 6. Determine h(7).
1
Let s(w) = -5*w + 29. Determine s(7).
-6
Let g(u) = 22*u**3 - 2*u**2 + 2*u - 1. What is g(1)?
21
Let k(p) = 3*p**2 - 12*p - 21. Give k(-2).
15
Let o(i) = -i**2 - 6*i + 17. Calculate o(-6).
17
Let v(q) = -121*q + 841. Calculate v(7).
-6
Let k(c) = -c - 2. Calculate k(-8).
6
Let a(k) = 6*k - 26. Determine a(3).
-8
Let g(v) = v**2 + 15*v - 66. Give g(4).
10
Let o(c) = -2*c**3 - 5*c**2 - 3. Give o(-4).
45
Let t(i) = i**3 - 8*i**2 + 20*i - 9. What is t(4)?
7
Let j(y) = 2*y**3 - 27*y**2 + 58*y - 29. Give j(11).
4
Let w(i) = -45*i - 218. Determine w(-5).
7
Let q(p) = p + 13. Give q(-7).
6
Let u(s) = -s**3 - 10*s**2 - 9*s - 15. Calculate u(-10).
75
Let v(a) = -29*a - 52. Give v(-2).
6
Let l(z) = -z**3 - 14*z**2 + 3*z - 19. Calculate l(-14).
-61
Let n(u) = u**2 - 12*u + 56. Determine n(7).
21
Let m(a) = a**2 - 8*a + 7. Give m(7).
0
Let q(u) = -u**3 - 9*u**2 + 2*u - 19. Give q(-9).
-37
Let a(i) = -2*i**2 + 12*i - 9. Calculate a(5).
1
Let w(r) = -2*r**2 + 9*r - 5. Determine w(7).
-40
Let s(p) = p**3 - 2*p**2 - 5*p + 9. Give s(2).
-1
Let z(p) = -p**2 + 3*p + 7. Give z(-3).
-11
Let p(x) = x**3 + x**2 + 2*x + 4. Calculate p(0).
4
Let r(j) = -j**2 - 10*j - 13. Calculate r(-4).
11
Let y(c) = -19*c + 7. Determine y(-3).
64
Let u(p) = -p**3 + 2*p**2 + 48*p + 7. What is u(-6)?
7
Let c(q) = -q**3 + q**2 - 2*q + 4. What is c(2)?
-4
Let t(s) = 3*s + 1. Give t(-5).
-14
Let g(n) = -n**3 + 7*n**2 + 7*n + 10. Calculate g(8).
2
Let i(s) = -8*s**2 - 49*s + 16. What is i(-6)?
22
Let i(c) = 14*c - 73. What is i(6)?
11
Let c(w) = -3*w + 23. Calculate c(7).
2
Let u(j) = -j**2 + 27*j - 36. What is u(26)?
-10
Let v(j) = 4*j - 47. Calculate v(17).
21
Let b(f) = -f**2 + 27*f + 64. Give b(29).
6
Let n(l) = l + 38. What is n(0)?
38
Let y(b) = -b**3 - 6*b**2 + 19*b + 82. Calculate y(-7).
-2
Let h(s) = -s**2 - 9*s. Determine h(-9).
0
Let q(p) = -3*p - 21. Determine q(-11).
12
Let a(y) = -6*y - 14. Give a(-15).
76
Let t(d) = -3*d - 3. Calculate t(5).
-18
Let z(s) = 8*s - 33. Determine z(0).
-33
Let d(h) = h + 4. Calculate d(-8).
-4
Let o(a) = a**2 - 14*a + 31. What is o(6)?
-17
Let o(u) = 11*u + 150. What is o(-14)?
-4
Let w(l) = 5*l**2 + 4*l + 2. What is w(-2)?
14
Let k(w) = w**3 - 4*w**2 - 2*w + 3. Calculate k(4).
-5
Let g(s) = s**3 + 27*s**2 + 3*s + 74. Calculate g(-27).
-7
Let v(g) = -86*g - 146. What is v(-2)?
26
Let i(n) = 17*n + 141. Give i(-8).
5
Let p(w) = -w**3 + 5*w**2 - 2*w + 13. What is p(4)?
21
Let q(v) = -2*v**2 - 33*v - 138. What is q(-7)?
-5
Let s(w) = -3*w + 5. Give s(8).
-19
Let d(h) = -104*h - 628. Calculate d(-6).
-4
Let w(b) = -25*b + 49. Determine w(2).
-1
Let z(q) = -20*q - 2. Give z(-2).
38
Let f(m) = m**3 - 4*m**2 - 3*m - 9. Calculate f(5).
1
Let z(l) = 2*l**2 - 23*l + 17. Give z(8).
-39
Let s(g) = -g**2 + 19*g - 35. Calculate s(18).
-17
Let v(j) = 2*j - 3. Determine v(-3).
-9
Let b(h) = h**2 + 2*h - 3. Calculate b(2).
5
Let c(z) = 21*z - 3. What is c(-2)?
-45
Let m(r) = r**3 - 12*r**2 + 14*r - 13. Give m(11).
20
Let n(z) = -z**3 + 16*z**2 - 17*z + 12. What is n(15)?
-18
Let c(l) = 2*l**2 - 6*l + 1. Calculate c(5).
21
Let k(t) = -3*t - 13. Give k(-5).
2
Let q(w) = 136*w - 3. Give q(-1).
-139
Let t(m) = m**3 - 8*m**2 + 13*m - 6. Calculate t(6).
0
Let a(b) = 3*b**3 + 3*b**2 - 3*b + 1. Calculate a(-3).
-44
Let b(y) = y**3 + 5*y**2 + 9*y + 9. Give b(-3).
0
Let j(t) = -t**2 - 11*t - 20. Give j(-8).
4
Let x(w) = -w**3 - 3*w**2 - 5*w - 4. Determine x(-4).
32
Let f(n) = 41*n + 121. Give f(-3).
-2
Let p(s) = -2*s**3 - 4*s**2 + 2*s + 1. Calculate p(2).
-27
Let w(p) = -p + 4. Determine w(10).
-6
Let z(h) = h**2 - 5*h - 5. Determine z(6).
1
Let k(o) = o**2 + 6*o + 7. Calculate k(-7).
14
Let v(m) = -m**2 + 16*m - 30. Give v(13).
9
Let q(o) = 2*o**2 - 112*o + 215. Calculate q(54).
-1
Let k(t) = -t**3 + 6*t**2 + 6*t + 4. Give k(5).
59
Let f(l) = l**2 - 15*l + 25. Calculate f(13).
-1
Let i(q) = 2*q**2 - 29*q + 33. What is i(13)?
-6
Let i(x) = x**2 - 2. What is i(0)?
-2
Let x(k) = k**3 + 2*k**2 - 13*k - 3. Calculate x(-5).
-13
Let x(l) = l + 14. Calculate x(0).
14
Let l(g) = 6*g**2 - 2*g + 4. Determine l(-3).
64
Let z(p) = p**2 - 7*p - 11. Determine z(8).
-3
Let t(k) = 4*k + 33. Calculate t(-9).
-3
Let u(c) = c**3 + 13*c**2 - 15*c + 8. Determine u(-14).
22
Let o(z) = -8*z. Determine o(2).
-16
Let x(d) = d**2 + 7*d + 10. Give x(-3).
-2
Let s(c) = c**2 - 21*c - 280. What is s(30)?
-10
Let x(m) = m**3 - m**2 - 39. Determine x(4).
9
Let f(i) = -i**3 + 5*i**2 + 2*i + 28. Determine f(6).
4
Let j(v) = 4*v**2 - 10*v + 2. Give j(2).
-2
Let r(z) = -z**2 - 19*z - 15. Give r(-17).
19
Let g(z) = z - 26. Determine g(0).
-26
Let b(s) = -s**2 + 13*s - 11. Determine b(12).
1
Let r(s) = -12*s**2 - 6*s - 3. What is r(-2)?
-39
Let p(q) = -q**2 - 12*q + 2. Calculate p(-11).
13
Let r(p) = -p**3 - 6*p**2 - 6*p + 3. Give r(-5).
8
Let m(s) = 9*s + 17. Determine m(-4).
-19
Let l(z) = z**3 - 13*z**2 + 17*z - 6. What is l(11)?
-61
Let o(h) = h**3 - 5*h**2 + 9. Determine o(5).
9
Let h(r) = 2*r + 18. Give h(8).
34
Let c(j) = j**3 + 8*j**2 - 7*j + 10. What is c(-8)?
66
Let b(a) = -a**2 - a + 33. What is b(0)?
33
Let w(z) = -3*z + 11. Calculate w(9).
-16
Let o(g) = g**2 + 4*g + 6. Give o(-3).
3
Let z(l) = -17*l**3 + l**2 - 1. Calculate z(1).
-17
Let v(d) = -d**2 - 21*d - 93. What is v(-10)?
17
Let d(t) = t**3 - 20*t**2 + 62*t + 25. Calculate d(16).
-7
Let s(y) = -y**3 + 6*y**2 - 2*y - 11. What is s(5)?
4
Let a(t) = t**3 - 2*t**2 - 48*t + 9. Give a(-6).
9
Let h(s) = -4*s - 16. What is h(-11)?
28
Let b(d) = d**3 - 19*d**2 + 16*d + 42. Calculate b(18).
6
Let k(m) = 6*m**3 + m**2 - m + 1. Determine k(1).
7
Let k(m) = -12*m - 341. Give k(-28).
-5
Let o(x) = -2*x**2 - 11*x + 3. What is o(-4)?
15
Let n(l) = l**3 + 11*l**2 - 2*l - 5. Determine n(-11).
17
Let y(d) = -2*d**3 - d**2 + 2. What is y(-3)?
47
Let x(f) = -f**2 + 12*f - 30. Give x(9).
-3
Let l(n) = 2*n**2 + 10*n + 2. What is l(-9)?
74
Let l(y) = -3*y - 21. Determine l(-5).
-6
Let h(r) = r**3 + 8*r**2 + 32*r + 267. Determine h(-8).
11
Let n(o) = o + 6. What is n(-8)?
-2
Let i(k) = 8*k. Give i(4).
32
Let z(m) = m**3 + 13*m**2 + 10*m - 9. Calculate z(-12).
15
Let g(f) = -f**2 - 5*f. Determine g(-3).
6
Let p(d) = -2*d**3 - 5*d**2 - 5*d. Give p(-4).
68
Let h(a) = -a**3 + 9*a**2 - 19*a + 88. Determine h(8).
0
Let l(v) = 6*v + 3. Calculate l(-1).
-3
Let f(i) = 2*i**3